{"id":246,"date":"2022-09-29T10:24:34","date_gmt":"2022-09-29T10:24:34","guid":{"rendered":"https:\/\/www.ceciliemaria.dk\/?page_id=246"},"modified":"2025-12-08T20:22:42","modified_gmt":"2025-12-08T20:22:42","slug":"aveda","status":"publish","type":"page","link":"https:\/\/www.ceciliemaria.dk\/index.php\/aveda\/","title":{"rendered":"Aveda"},"content":{"rendered":"<p>[et_pb_section fb_built=&#8221;1&#8243; _builder_version=&#8221;4.23.1&#8243; background_color=&#8221;#D9CDBF&#8221; background_enable_image=&#8221;off&#8221; parallax=&#8221;on&#8221; z_index_tablet=&#8221;500&#8243; global_colors_info=&#8221;{}&#8221;][et_pb_row _builder_version=&#8221;4.23.1&#8243; background_enable_image=&#8221;off&#8221; background_size=&#8221;initial&#8221; background_position=&#8221;top_left&#8221; background_repeat=&#8221;repeat&#8221; custom_padding=&#8221;220px|||||&#8221; global_colors_info=&#8221;{}&#8221;][et_pb_column type=&#8221;4_4&#8243; _builder_version=&#8221;4.16&#8243; custom_padding=&#8221;|||&#8221; global_colors_info=&#8221;{}&#8221; custom_padding__hover=&#8221;|||&#8221;][et_pb_text _builder_version=&#8221;4.23.1&#8243; text_font=&#8221;Nortwell||||||||&#8221; text_text_color=&#8221;#de789d&#8221; text_font_size=&#8221;36px&#8221; quote_font=&#8221;Nortwell||||||||&#8221; quote_text_color=&#8221;#de789d&#8221; min_height=&#8221;39.8px&#8221; custom_margin=&#8221;-172px||-172px||true|&#8221; custom_padding=&#8221;80px|80px|80px|80px&#8221; z_index_tablet=&#8221;500&#8243; inline_fonts=&#8221;Qwitcher Grypen&#8221; global_colors_info=&#8221;{}&#8221;]<\/p>\n<p>Aveda<\/p>\n<p>[\/et_pb_text][et_pb_blurb title=&#8221; AVEDA &#8221; _builder_version=&#8221;4.23.1&#8243; header_font=&#8221;Nunito Sans|300|||||||&#8221; header_text_align=&#8221;left&#8221; header_text_color=&#8221;#59524a&#8221; header_font_size=&#8221;27px&#8221; header_letter_spacing=&#8221;12px&#8221; header_line_height=&#8221;1.3em&#8221; body_text_color=&#8221;#ff789d&#8221; min_height=&#8221;506.4px&#8221; custom_margin=&#8221;||-181px|||&#8221; custom_padding=&#8221;136px||122px|||&#8221; hover_enabled=&#8221;0&#8243; z_index_tablet=&#8221;500&#8243; global_colors_info=&#8221;{}&#8221; text_orientation=&#8221;center&#8221; sticky_enabled=&#8221;0&#8243;]<\/p>\n<p style=\"text-align: center;\"><span style=\"color: #ce6e00;\"><\/span><\/p>\n<p style=\"text-align: center;\"><span style=\"color: #ce6e00;\"><\/span><\/p>\n<p style=\"text-align: center;\"><span style=\"color: #ce6e00;\"><\/span><\/p>\n<p style=\"text-align: center;\"><span style=\"color: #ce6e00;\"><\/span><\/p>\n<p style=\"text-align: center;\"><span style=\"color: #ce6e00;\"><\/span><\/p>\n<p style=\"text-align: center;\"><span style=\"color: #352000;\">&#8220;VORES MOSSION HOS AVEDA ER AT TAGE VARE<br \/><span style=\"font-size: 14px;\">P\u00c5 DEN VERDEN VI BOR I, FRA DE PRODUKTER VI PRODUCERER<br \/><\/span><span style=\"font-size: 14px;\">TIL M\u00c5DEN VI GIVER TILBAGE TIL SAMFUNDET.<br \/><\/span><span style=\"font-size: 14px;\">HOS AVEDA STR\u00c6BER VI EFTER AT S\u00c6TTE ET EKSEMPEL FOR<br \/><\/span>MILJ\u00d8M\u00c6SSIG LEDELSE\u00a0OG ANSVAR,<\/span><br \/><span style=\"color: #352000;\">IKKE BARE I SK\u00d8NHEDSVERDENEN MEN I HELE VERDEN.&#8221;<\/span><\/p>\n<p style=\"text-align: center;\"><span style=\"color: #352000;\"><strong>&#8211; <em>AVEDA<\/em><\/strong><em>.<\/em><\/span><\/p>\n<p style=\"text-align: center;\"><span style=\"color: #352000;\"><strong><\/strong><\/span><\/p>\n<p style=\"text-align: center;\"><span style=\"color: #352000;\"><strong><\/strong><\/span><\/p>\n<p style=\"text-align: center;\"><span style=\"color: #ce6e00;\"><strong><\/strong><\/span><\/p>\n<p style=\"text-align: center;\"><span style=\"color: #ce6e00;\"><strong><\/strong><\/span><\/p>\n<p style=\"text-align: center;\"><span style=\"color: #ce6e00;\"><strong><\/strong><\/span><\/p>\n<p style=\"text-align: center;\"><span style=\"color: #ce6e00;\"><strong><\/strong><\/span><\/p>\n<p style=\"text-align: right;\"><span style=\"color: #ce6e00;\"><\/span><\/p>\n<p style=\"text-align: right;\"><span style=\"color: #ce6e00;\"><\/span><\/p>\n<p style=\"text-align: right;\"><span style=\"color: #ce6e00;\"><\/span><\/p>\n<p style=\"text-align: right;\"><span style=\"color: #ce6e00;\"><\/span><\/p>\n<p style=\"text-align: right;\"><span style=\"color: #ce6e00;\"><\/span><\/p>\n<p>[\/et_pb_blurb][\/et_pb_column][\/et_pb_row][et_pb_row column_structure=&#8221;1_3,1_3,1_3&#8243; _builder_version=&#8221;4.23.1&#8243; _module_preset=&#8221;default&#8221; global_colors_info=&#8221;{}&#8221;][et_pb_column type=&#8221;1_3&#8243; _builder_version=&#8221;4.23.1&#8243; _module_preset=&#8221;default&#8221; global_colors_info=&#8221;{}&#8221;][et_pb_image src=&#8221;https:\/\/www.ceciliemaria.dk\/wp-content\/uploads\/2024\/02\/IMG_0028-4.jpg&#8221; title_text=&#8221;IMG_0028-4&#8243; _builder_version=&#8221;4.23.1&#8243; _module_preset=&#8221;default&#8221; global_colors_info=&#8221;{}&#8221;][\/et_pb_image][\/et_pb_column][et_pb_column type=&#8221;1_3&#8243; _builder_version=&#8221;4.23.1&#8243; _module_preset=&#8221;default&#8221; global_colors_info=&#8221;{}&#8221;][\/et_pb_column][et_pb_column type=&#8221;1_3&#8243; _builder_version=&#8221;4.23.1&#8243; _module_preset=&#8221;default&#8221; global_colors_info=&#8221;{}&#8221;][\/et_pb_column][\/et_pb_row][et_pb_row column_structure=&#8221;1_2,1_2&#8243; _builder_version=&#8221;4.23.1&#8243; _module_preset=&#8221;default&#8221; global_colors_info=&#8221;{}&#8221;][et_pb_column type=&#8221;1_2&#8243; _builder_version=&#8221;4.23.1&#8243; _module_preset=&#8221;default&#8221; global_colors_info=&#8221;{}&#8221;][et_pb_text _builder_version=&#8221;4.23.1&#8243; _module_preset=&#8221;default&#8221; inline_fonts=&#8221;Nortwell,Abhaya Libre&#8221; global_colors_info=&#8221;{}&#8221;]<\/p>\n<p><span style=\"color: #ce6e00;\"><\/span><\/p>\n<p><span style=\"color: #ce6e00;\"><\/span><\/p>\n<p><span style=\"color: #ce6e00;\"><\/span><\/p>\n<p><span style=\"color: #ce6e00;\"><\/span><\/p>\n<p><span style=\"font-size: large; color: #352000;\">Aveda blev grundlagt i 1978, med tanken om at skabe profesionelle b\u00e6redygtige produkter til sk\u00f8nheds-industrien. Aveda er et brand i konstant udvikling b\u00e5de inden for styling, pleje og h\u00e5rfarver &#8211; <br \/>Produkterne er lavet p\u00e5 plante og blomster ekstrakter. <br \/>Det var det f\u00f8rste brand der lavede deres produkter p\u00e5 100% <br \/>vind og sol-energi.<br \/><\/span><\/p>\n<p><span style=\"color: #ce6e00;\"><\/span><\/p>\n<p><span style=\"font-size: large;\"><span style=\"color: #ce6e00;\"><br \/><span style=\"font-family: Nortwell; font-weight: normal; font-size: xx-large;\">&#8211; Jeg er stolt over at v\u00e6re en del af <\/span><\/span><span style=\"color: #ce6e00; font-family: Nortwell; font-weight: normal; font-size: xx-large;\">Aveda familien<\/span><\/span><\/p>\n<p>[\/et_pb_text][\/et_pb_column][et_pb_column type=&#8221;1_2&#8243; _builder_version=&#8221;4.23.1&#8243; _module_preset=&#8221;default&#8221; global_colors_info=&#8221;{}&#8221;][et_pb_image src=&#8221;https:\/\/www.ceciliemaria.dk\/wp-content\/uploads\/2025\/12\/IMG_3138-scaled.jpg&#8221; title_text=&#8221;IMG_3138&#8243; _builder_version=&#8221;4.23.1&#8243; _module_preset=&#8221;default&#8221; global_colors_info=&#8221;{}&#8221;][\/et_pb_image][\/et_pb_column][\/et_pb_row][\/et_pb_section]<\/p>\n","protected":false},"excerpt":{"rendered":"<p>Aveda &#8220;VORES MOSSION HOS AVEDA ER AT TAGE VAREP\u00c5 DEN VERDEN VI BOR I, FRA DE PRODUKTER VI PRODUCERERTIL M\u00c5DEN VI GIVER TILBAGE TIL SAMFUNDET.HOS AVEDA STR\u00c6BER VI EFTER AT S\u00c6TTE ET EKSEMPEL FORMILJ\u00d8M\u00c6SSIG LEDELSE\u00a0OG ANSVAR,IKKE BARE I SK\u00d8NHEDSVERDENEN MEN I HELE VERDEN.&#8221; &#8211; AVEDA. Aveda blev grundlagt i 1978, med tanken om at skabe [&hellip;]<\/p>\n","protected":false},"author":2,"featured_media":0,"parent":0,"menu_order":0,"comment_status":"closed","ping_status":"closed","template":"","meta":{"_et_pb_use_builder":"on","_et_pb_old_content":"<p>[et_pb_section bb_built=\"1\" _builder_version=\"3.22.4\" background_image=\"https:\/\/www.ceciliemaria.dk\/wp-content\/uploads\/2020\/03\/IMG_0507.jpg\" z_index_tablet=\"500\" parallax=\"on\"][et_pb_row][et_pb_column type=\"4_4\"][et_pb_text _builder_version=\"3.22.4\" text_font=\"Nunito Sans|300|||||||\" text_font_size=\"36px\" text_text_shadow_horizontal_length=\"text_text_shadow_style,%91object Object%93\" text_text_shadow_vertical_length=\"text_text_shadow_style,%91object Object%93\" text_text_shadow_blur_strength=\"text_text_shadow_style,%91object Object%93\" link_text_shadow_horizontal_length=\"link_text_shadow_style,%91object Object%93\" link_text_shadow_vertical_length=\"link_text_shadow_style,%91object Object%93\" link_text_shadow_blur_strength=\"link_text_shadow_style,%91object Object%93\" ul_text_shadow_horizontal_length=\"ul_text_shadow_style,%91object Object%93\" ul_text_shadow_vertical_length=\"ul_text_shadow_style,%91object Object%93\" ul_text_shadow_blur_strength=\"ul_text_shadow_style,%91object Object%93\" ol_text_shadow_horizontal_length=\"ol_text_shadow_style,%91object Object%93\" ol_text_shadow_vertical_length=\"ol_text_shadow_style,%91object Object%93\" ol_text_shadow_blur_strength=\"ol_text_shadow_style,%91object Object%93\" quote_text_shadow_horizontal_length=\"quote_text_shadow_style,%91object Object%93\" quote_text_shadow_vertical_length=\"quote_text_shadow_style,%91object Object%93\" quote_text_shadow_blur_strength=\"quote_text_shadow_style,%91object Object%93\" header_text_shadow_horizontal_length=\"header_text_shadow_style,%91object Object%93\" header_text_shadow_vertical_length=\"header_text_shadow_style,%91object Object%93\" header_text_shadow_blur_strength=\"header_text_shadow_style,%91object Object%93\" header_2_text_shadow_horizontal_length=\"header_2_text_shadow_style,%91object Object%93\" header_2_text_shadow_vertical_length=\"header_2_text_shadow_style,%91object Object%93\" header_2_text_shadow_blur_strength=\"header_2_text_shadow_style,%91object Object%93\" header_3_text_shadow_horizontal_length=\"header_3_text_shadow_style,%91object Object%93\" header_3_text_shadow_vertical_length=\"header_3_text_shadow_style,%91object Object%93\" header_3_text_shadow_blur_strength=\"header_3_text_shadow_style,%91object Object%93\" header_4_text_shadow_horizontal_length=\"header_4_text_shadow_style,%91object Object%93\" header_4_text_shadow_vertical_length=\"header_4_text_shadow_style,%91object Object%93\" header_4_text_shadow_blur_strength=\"header_4_text_shadow_style,%91object Object%93\" header_5_text_shadow_horizontal_length=\"header_5_text_shadow_style,%91object Object%93\" header_5_text_shadow_vertical_length=\"header_5_text_shadow_style,%91object Object%93\" header_5_text_shadow_blur_strength=\"header_5_text_shadow_style,%91object Object%93\" header_6_text_shadow_horizontal_length=\"header_6_text_shadow_style,%91object Object%93\" header_6_text_shadow_vertical_length=\"header_6_text_shadow_style,%91object Object%93\" header_6_text_shadow_blur_strength=\"header_6_text_shadow_style,%91object Object%93\" z_index_tablet=\"500\" custom_padding=\"80px|80px|80px|80px\" text_text_color=\"#000000\"]<\/p><p style=\"text-align: center;\">AVEDA<\/p><p>[\/et_pb_text][et_pb_blurb _builder_version=\"3.22.4\" text_shadow_horizontal_length=\"text_shadow_style,%91object Object%93\" text_shadow_vertical_length=\"text_shadow_style,%91object Object%93\" text_shadow_blur_strength=\"text_shadow_style,%91object Object%93\" header_font=\"Nunito Sans|300|||||||\" header_text_shadow_horizontal_length=\"header_text_shadow_style,%91object Object%93\" header_text_shadow_vertical_length=\"header_text_shadow_style,%91object Object%93\" header_text_shadow_blur_strength=\"header_text_shadow_style,%91object Object%93\" body_text_shadow_horizontal_length=\"body_text_shadow_style,%91object Object%93\" body_text_shadow_vertical_length=\"body_text_shadow_style,%91object Object%93\" body_text_shadow_blur_strength=\"body_text_shadow_style,%91object Object%93\" z_index_tablet=\"500\" header_text_color=\"#000000\"]<\/p><p style=\"text-align: center;\">\"VORES MOSSION HOS AVEDA ER AT TAGE VARE<br \/>P\u00c5 DEN VERDEN VI BOR I,\u00a0FRA DE PRODUKTER VI PRODUCERER <br \/>TIL M\u00c5DEN VI GIVER TILBAGE TIL SAMFUNDET.\u00a0<br \/>HOS AVEDA STR\u00c6BER VI EFTER AT S\u00c6TTE ET EKSEMPEL FOR<br \/>MILJ\u00d8M\u00c6SSIG LEDELSE\u00a0OG ANSVAR, <br \/>IKKE BARE I SK\u00d8NHEDSVERDENEN MEN I HELE VERDEN.\"<\/p><p>[\/et_pb_blurb][et_pb_divider _builder_version=\"3.22.4\" z_index_tablet=\"500\" color=\"#dfb2c7\" \/][et_pb_gallery _builder_version=\"3.22.4\" gallery_ids=\"248,249,247\" show_title_and_caption=\"off\" orientation=\"portrait\" hover_overlay_color=\"rgba(255,255,255,0.9)\" text_shadow_horizontal_length=\"text_shadow_style,%91object Object%93\" text_shadow_vertical_length=\"text_shadow_style,%91object Object%93\" text_shadow_blur_strength=\"text_shadow_style,%91object Object%93\" title_text_shadow_horizontal_length=\"title_text_shadow_style,%91object Object%93\" title_text_shadow_vertical_length=\"title_text_shadow_style,%91object Object%93\" title_text_shadow_blur_strength=\"title_text_shadow_style,%91object Object%93\" caption_text_shadow_horizontal_length=\"caption_text_shadow_style,%91object Object%93\" caption_text_shadow_vertical_length=\"caption_text_shadow_style,%91object Object%93\" caption_text_shadow_blur_strength=\"caption_text_shadow_style,%91object Object%93\" pagination_text_shadow_horizontal_length=\"pagination_text_shadow_style,%91object Object%93\" pagination_text_shadow_vertical_length=\"pagination_text_shadow_style,%91object Object%93\" pagination_text_shadow_blur_strength=\"pagination_text_shadow_style,%91object Object%93\" z_index_tablet=\"500\" \/][\/et_pb_column][\/et_pb_row][\/et_pb_section]<\/p>","_et_gb_content_width":"","footnotes":""},"_links":{"self":[{"href":"https:\/\/www.ceciliemaria.dk\/index.php\/wp-json\/wp\/v2\/pages\/246"}],"collection":[{"href":"https:\/\/www.ceciliemaria.dk\/index.php\/wp-json\/wp\/v2\/pages"}],"about":[{"href":"https:\/\/www.ceciliemaria.dk\/index.php\/wp-json\/wp\/v2\/types\/page"}],"author":[{"embeddable":true,"href":"https:\/\/www.ceciliemaria.dk\/index.php\/wp-json\/wp\/v2\/users\/2"}],"replies":[{"embeddable":true,"href":"https:\/\/www.ceciliemaria.dk\/index.php\/wp-json\/wp\/v2\/comments?post=246"}],"version-history":[{"count":16,"href":"https:\/\/www.ceciliemaria.dk\/index.php\/wp-json\/wp\/v2\/pages\/246\/revisions"}],"predecessor-version":[{"id":482,"href":"https:\/\/www.ceciliemaria.dk\/index.php\/wp-json\/wp\/v2\/pages\/246\/revisions\/482"}],"wp:attachment":[{"href":"https:\/\/www.ceciliemaria.dk\/index.php\/wp-json\/wp\/v2\/media?parent=246"}],"curies":[{"name":"wp","href":"https:\/\/api.w.org\/{rel}","templated":true}]}}